2f093
Convert 1486424 (base 13) to base 2.
11001000000001011110101
What is -150321 (base 7) in base 4?
-13010232
What is -1535714 (base 8) in base 15?
-8ab47
Convert 20200121120002 (base 3) to base 13.
976175
10112223 (base 4) to base 11
12444
Convert -1784 (base 15) to base 4.
-1033102
-17cf5 (base 16) to base 3
-11221210001
Convert -9842742 (base 10) to base 9.
-20461630
-14043101 (base 5) to base 11
-98919
Convert 11122100200 (base 3) to base 2.
10110010011111010
51552255 (base 7) to base 4
100201223010
Convert 445b6d (base 14) to base 15.
30ca3d
What is 1121101202111 (base 3) in base 12?
352404
Convert -130023221 (base 4) to base 6.
-2250225
What is 78786 (base 10) in base 3?
11000002000
What is -1517675 (base 10) in base 6?
-52310135
-42b79d (base 14) to base 10
-2259823
What is 2002121100 (base 3) in base 10?
41265
76074b (base 12) to base 13
504c20
What is 3341442 (base 6) in base 13?
5bb29
-10220202121 (base 3) to base 12
-38751
Convert -366021 (base 8) to base 5.
-13012334
-59536 (base 13) to base 4
-213322030
What is -232922 (base 10) in base 8?
-706732
Convert 22232000332 (base 4) to base 12.
b3613a
Convert 1557261 (base 8) to base 4.
1231322301
-100110111000111 (base 2) to base 3
-1000022110
What is 2012001111121 (base 3) in base 5?
244144033
Convert 7419988 (base 10) to base 9.
14858271
What is 1720327 (base 8) in base 7?
4151341
Convert -29963b (base 12) to base 2.
-10101011000101001111
Convert 435061 (base 7) to base 3.
10212111211
6019008 (base 11) to base 9
22041243
2072164 (base 11) to base 13
9a986c
What is 4404396 (base 10) in base 8?
20632254
What is 5466007 (base 10) in base 13?
1194c31
What is -17a689 (base 11) in base 13?
-99504
What is 112201221000 (base 3) in base 10?
290088
Convert 497ac (base 15) to base 16.
39474
What is 244644101 (base 7) in base 8?
72612236
-101010100001000111001 (base 2) to base 9
-2553110
Convert 556c37 (base 13) to base 14.
3a622a
36031112 (base 7) to base 5
1303343002
What is -47083 (base 14) in base 6?
-3412511
-236465 (base 8) to base 12
-3abb1
10110001010011111 (base 2) to base 5
10401113
14284621 (base 9) to base 13
160ca92
-1011031131300 (base 4) to base 3
-1021010202122020
What is -4033345 (base 6) in base 10?
-191297
Convert 3742145 (base 13) to base 5.
13400321332
Convert -42033505 (base 6) to base 8.
-4512361
-2123bb9 (base 12) to base 13
-13b6699
Convert 223102302112 (base 4) to base 14.
1715db0
Convert -5488b (base 12) to base 16.
-1b4eb
-14db11 (base 14) to base 4
-2302003303
Convert -406623 (base 8) to base 3.
-20211120020
-3459982 (base 10) to base 11
-1a53599
10101111110010101 (base 2) to base 9
146415
Convert -10010011001100010111100 (base 2) to base 9.
-10061202
-132863 (base 14) to base 7
-5416553
265013 (base 9) to base 12
792a9
1112121020220 (base 3) to base 8
3077245
85d6 (base 14) to base 8
55120
3412231234 (base 5) to base 10
7539569
Convert -617461 (base 14) to base 5.
-1320113222
Convert 191a90 (base 12) to base 13.
124908
Convert -66421c (base 13) to base 14.
-469919
4b557 (base 12) to base 13
379c0
What is 12210011120112 (base 3) in base 12?
1042a4b
-2756631 (base 8) to base 9
-1414627
11310212 (base 4) to base 6
302222
Convert -554121433 (base 6) to base 8.
-46101575
What is -1225452045 (base 6) in base 16?
-d9b6dd
Convert 122003321102 (base 4) to base 6.
402232122
-38799a (base 12) to base 3
-1202001002101
What is -34240 (base 6) in base 11?
-3708
What is 261601 (base 8) in base 7?
526222
Convert -259e6 (base 15) to base 4.
-131120232
-84a9a2 (base 14) to base 8
-21070742
-10111100110111100100101 (base 2) to base 3
-102122102111012
-123063026 (base 7) to base 16
-76b7c1
Convert -50d72 (base 16) to base 13.
-b793c
-210011005 (base 6) to base 8
-15706555
-101001101101111000001111 (base 2) to base 13
-235b802
1101432340 (base 5) to base 8
11034717
285447 (base 9) to base 13
61618
Convert 1a7dd7 (base 15) to base 5.
312324002
Convert -135134412 (base 6) to base 8.
-12431110
Convert 2440225 (base 7) to base 5.
34442442
11100113100 (base 4) to base 2
101010000010111010000
526063 (base 12) to base 6
43440203
What is -b8d4 (base 14) in base 11?
-21aa5
-17614653 (base 8) to base 3
-21210002121201
Convert 6102744 (base 9) to base 14.
60845a
What is 124443311 (base 5) in base 10?
624831
Convert 1221201212 (base 3) to base 15.
b5ce
-5415230 (base 7) to base 4
-2201003330
Convert 256a620 (base 12) to base 9.
14755226
-10210102122110 (base 3) to base 10
-2016156
Convert -571624 (base 8) to base 16.
-2f394
What is 478ba (base 15) in base 5?
24244400
-1548a (base 11) to base 12
-107b2
Convert -521a13 (base 14) to base 5.
-1202130143
What is -33331123 (base 4) in base 13?
-239a7
What is -25d54d (base 16) in base 13?
-68a72c
What is 122112202122 (base 3) in base 13?
c1283
What is 1299a (base 12) in base 11?
18269
Convert -875853 (base 9) to base 16.
-7f9a4
What is -17c837 (base 13) in base 14?
-118406
Convert -a44a9a (base 11) to base 12.
-6898b1
Convert 122102210100122 (base 3) to base 15.
c309be
What is 60295 (base 12) in base 5?
12443232
What is 313177 (base 8) in base 2?
11001011001111111
Convert -2eb90a (base 15) to base 13.
-614926
11c0b (base 14) to base 9
65628
What is 2769139 (base 11) in base 9?
8870758
What is -10031032201 (base 4) in base 5?
-240242003
210103542 (base 6) to base 9
6768748
Convert -940592 (base 14) to base 15.
-68a0c8
Convert 10011111000110100 (base 2) to base 12.
3b184
911462 (base 14) to base 10
4882446
-128566 (base 10) to base 6
-2431114
1303002 (base 4) to base 9
11080
50341305 (base 6) to base 4
11130300221
What is 5744 (base 16) in base 15?
6945
What is 6084728 (base 9) in base 7?
36402413
-101011001101100100000110 (base 2) to base 10
-11327750
Convert 237462 (base 8) to base 13.
2b269
Convert 33412412 (base 5) to base 8.
1077514
-291cbf (base 16) to base 11
-1580326
What is 3b1629 (base 12) in base 7?
11210013
-10132132221 (base 4) to base 14
-2278b7
-2b96835 (base 12) to base 5
-4240013210
873c5 (base 16) to base 15
ae1d5
-31204560 (base 7) to base 3
-11221021211120
Convert -2130334112 (base 5) to base 15.
-5eb13c
What is 7003702 (base 9) in base 8?
16147133
Convert 210120212121 (base 3) to base 10.
424915
What is 3c54a (base 15) in base 12?
9402a
-210424 (base 10) to base 2
-110011010111111000
2302231110 (base 4) to base 6
23404500
Convert 1430100102 (base 6) to base 13.
3869b10
What is -108561 (base 10) in base 12?
-529a9
-222100030 (base 4) to base 10
-173068
Convert 110100111000001010 (base 2) to base 5.
23412321
What is -210010112002002 (base 3) in base 13?
-2432423
Convert -12100122012022 (base 3) to base 6.
-141004012
-644a20 (base 12) to base 11
-992354
Convert -111102002102 (base 3) to base 2.
-1000000011100011011
What is 110112101110 (base 3) in base 16?
3c39c
Convert -1ab527 (base 12) to base 5.
-110212301
Convert -1104444312 (base 5) to base 7.
-26404510
What is 321111200 (base 4) in base 14?
6182c
3929a (base 12) to base 2
10011000101010110
Convert -832c88 (base 14) to base 10.
-4425800
Convert 6528c4 (base 15) to base 5.
2213134414
Convert 2584342 (base 10) to base 4.
21312330112
Convert -426421 (base 8) to base 10.
-142609
What is -440738 (base 10) in base 15?
-8a8c8
154110033 (base 6) to base 13
8a88a1
Convert 1120304013 (base 5) to base 15.
348a08
Convert 48b617 (base 13) to base 10.
1738861
Convert 2382206 (base 9) to base 10.
1294143
146614 (base 9) to base 12
4421a
3066e (base 15) to base 12
74895
What is 36e3da (base 16) in base 6?
205034014
53202 (base 11) to base 14
20318
What is 1fe763 (base 16) in base 6?
112451511
What is -64283 (base 11) in base 15?
-1ca88
What is -30414d (base 14) in base 11?
-a0a742
284416 (base 10) to base 2
1000101011100000000
Convert -13213103232 (base 4) to base 5.
-1002333024
-1388416 (base 9) to base 7
-6343605
What is -36243 (base 8) in base 14?
-592b
37661 (base 11) to base 5
3212113
What is -30352 (base 6) in base 14?
-167a
-3475816 (base 9) to base 6
-104151110
What is -151413413 (base 6) in base 15?
-4260a3
What is -24111434 (base 5) in base 7?
-1615254
What is 13027432 (base 8) in base 15?
3c2e7c
What is -528888 (base 9) in base 5?
-40034202
Convert 23610263 (base 7) to base 14.
3ca7a3
Convert 14355041 (base 6) to base 15.
9c5ed
Convert 85a391 (base 11) to base 7.
14455605
What is 39